t is -10112 (base 3) in base 11?
-87
Convert -34 (base 9) to base 14.
-23
What is -103 (base 4) in base 3?
-201
What is -7 (base 14) in base 5?
-12
Convert -212 (base 5) to base 14.
-41
What is 0 (base 16) in base 13?
0
Convert 5 (base 12) to base 2.
101
1 (base 9) to base 2
1
Convert a1 (base 16) to base 6.
425
What is 11b (base 13) in base 9?
234
2 (base 12) to base 11
2
1 (base 10) to base 6
1
What is -26 (base 9) in base 6?
-40
Convert -314 (base 7) to base 4.
-2132
-9 (base 12) to base 4
-21
1010111 (base 2) to base 10
87
-1 (base 15) to base 13
-1
-65 (base 8) to base 9
-58
What is 10222 (base 3) in base 10?
107
Convert -11 (base 2) to base 8.
-3
b (base 14) to base 10
11
57 (base 10) to base 3
2010
What is -6 (base 15) in base 10?
-6
Convert -2 (base 10) to base 13.
-2
2 (base 11) to base 7
2
5a (base 14) to base 3
2222
Convert -10 (base 2) to base 5.
-2
What is 10 (base 3) in base 15?
3
5 (base 15) to base 2
101
What is 54 (base 10) in base 12?
46
83 (base 12) to base 9
120
What is -29 (base 12) in base 2?
-100001
-3 (base 13) to base 5
-3
What is 3 (base 16) in base 8?
3
What is -100011101 (base 2) in base 6?
-1153
What is -105 (base 6) in base 14?
-2d
Convert -104 (base 11) to base 15.
-85
What is 37 (base 9) in base 11?
31
2 (base 16) to base 10
2
Convert 2 (base 14) to base 13.
2
Convert 0 (base 4) to base 2.
0
Convert 26 (base 10) to base 14.
1c
-163 (base 13) to base 7
-505
What is -2c (base 16) in base 4?
-230
-1 (base 5) to base 7
-1
What is 55 (base 10) in base 9?
61
Convert -3 (base 5) to base 13.
-3
-100 (base 3) to base 10
-9
What is 9 (base 14) in base 12?
9
What is 58 (base 11) in base 13?
4b
What is 1 (base 10) in base 13?
1
2 (base 5) to base 7
2
What is 8 (base 9) in base 11?
8
Convert 10 (base 4) to base 10.
4
Convert 10 (base 4) to base 8.
4
Convert 120 (base 3) to base 14.
11
-125 (base 7) to base 6
-152
What is 21 (base 3) in base 14?
7
Convert 4 (base 13) to base 6.
4
What is -11001 (base 2) in base 6?
-41
Convert 2 (base 13) to base 11.
2
20 (base 7) to base 9
15
165 (base 9) to base 14
a0
Convert -1 (base 6) to base 12.
-1
What is 10 (base 3) in base 2?
11
Convert 14 (base 8) to base 2.
1100
-101 (base 7) to base 5
-200
Convert 2 (base 13) to base 7.
2
-1 (base 3) to base 5
-1
What is -3 (base 13) in base 16?
-3
What is -20 (base 3) in base 14?
-6
What is -92 (base 11) in base 8?
-145
What is -4 (base 5) in base 11?
-4
65 (base 8) to base 4
311
What is 2 (base 9) in base 16?
2
Convert -1 (base 3) to base 13.
-1
100 (base 2) to base 5
4
What is -7d (base 15) in base 7?
-226
202 (base 4) to base 5
114
What is -4 (base 8) in base 10?
-4
3 (base 14) to base 15
3
-311 (base 4) to base 8
-65
Convert -7 (base 11) to base 15.
-7
What is -20 (base 5) in base 7?
-13
What is 4 (base 10) in base 2?
100
What is -22 (base 3) in base 10?
-8
-25 (base 12) to base 8
-35
Convert 0 (base 16) to base 5.
0
-11001 (base 2) to base 8
-31
What is -48 (base 15) in base 7?
-125
Convert 266 (base 10) to base 4.
10022
Convert -1011 (base 2) to base 8.
-13
-45 (base 9) to base 7
-56
Convert 82 (base 12) to base 3.
10122
What is 252 (base 6) in base 10?
104
What is -10 (base 13) in base 15?
-d
What is 8 (base 13) in base 2?
1000
-11 (base 4) to base 13
-5
What is -239 (base 10) in base 5?
-1424
What is 0 (base 11) in base 8?
0
-1 (base 7) to base 14
-1
What is -34 (base 9) in base 8?
-37
Convert 44 (base 8) to base 13.
2a
Convert -24 (base 6) to base 5.
-31
What is 3 (base 14) in base 3?
10
Convert -1111111 (base 2) to base 5.
-1002
What is 13 (base 5) in base 7?
11
What is c9 (base 15) in base 2?
10111101
3 (base 11) to base 2
11
What is -1 (base 14) in base 15?
-1
Convert 247 (base 9) to base 10.
205
Convert -1 (base 13) to base 11.
-1
What is 0 (base 15) in base 12?
0
11 (base 2) to base 11
3
Convert -327 (base 9) to base 16.
-10c
What is 122 (base 5) in base 9?
41
What is -26 (base 11) in base 4?
-130
What is 0 (base 13) in base 4?
0
8 (base 10) to base 12
8
61 (base 10) to base 13
49
Convert -67 (base 12) to base 9.
-87
What is 3 (base 16) in base 11?
3
Convert 26 (base 16) to base 5.
123
Convert -20 (base 8) to base 9.
-17
Convert -13 (base 8) to base 11.
-10
0 (base 6) to base 15
0
Convert 2 (base 8) to base 10.
2
Convert 114 (base 8) to base 13.
5b
What is 44 (base 9) in base 11?
37
-2 (base 15) to base 13
-2
What is d2 (base 15) in base 9?
238
Convert -1 (base 2) to base 14.
-1
Convert -11 (base 9) to base 2.
-1010
-8 (base 13) to base 15
-8
Convert 1 (base 2) to base 13.
1
Convert 1231 (base 4) to base 2.
1101101
Convert -13 (base 4) to base 16.
-7
Convert 8b (base 12) to base 4.
1223
What is -2 (base 11) in base 5?
-2
Convert 171 (base 8) to base 2.
1111001
1000 (base 2) to base 12
8
Convert 170 (base 15) to base 8.
512
Convert 2 (base 13) to base 2.
10
Convert -d2 (base 14) to base 9.
-224
4 (base 13) to base 11
4
-1 (base 14) to base 8
-1
-2030 (base 5) to base 9
-324
Convert -2133 (base 4) to base 9.
-186
-7 (base 14) to base 13
-7
What is 1 (base 13) in base 7?
1
1 (base 9) to base 3
1
Convert 101 (base 2) to base 10.
5
What is -100000000 (base 2) in base 15?
-121
-c4 (base 14) to base 6
-444
What is 2 (base 15) in base 2?
10
10 (base 6) to base 8
6
Convert 564 (base 8) to base 15.
19c
0 (base 2) to base 5
0
1110 (base 2) to base 15
e
-16 (base 14) to base 9
-22
Convert -100121 (base 3) to base 6.
-1111
-12 (base 10) to base 12
-10
Convert 0 (base 16) to base 8.
0
Convert -1100 (base 3) to base 11.
-33
What is -6 (base 13) in base 6?
-10
What is -1 (base 16) in base 14?
-1
What is -1 (base 16) in base 12?
-1
Convert 250 (base 7) to base 13.
a3
Convert 3 (base 8) to base 6.
3
What is -6f (base 16) in base 9?
-133
-24 (base 5) to base 11
-13
11 (base 15) to base 7
22
Convert 32 (base 10) to base 14.
24
Convert -14 (base 5) to base 2.
-1001
What is -6 (base 10) in base 13?
-6
211 (base 3) to base 14
18
Convert 15 (base 10) to base 12.
13
What is 20 (base 3) in base 14?
6
What is -8 (base 11) in base 10?
-8
-212 (base 3) to base 16
-17
43 (base 6) to base 11
25
-2a (base 14) to base 6
-102
Convert -77 (base 10) to base 7.
-140
-27 (base 12) to base 4
-133
-9c (base 15) to base 4
-2103
Convert 52 (base 11) to base 13.
45
-2 (base 7) to base 16
-2
Convert -3 (base 7) to base 11.
-3
Convert 1 (base 8) to base 16.
1
Convert -10110 (base 2) to base 10.
-22
Convert -207 (base 11) to base 2.
-11111001
What is 1021 (base 7) in base 5?
2413
Convert 3 (base 11) to base 8.
3
12 (base 3) to base 16
5
0 (base 11) to base 6
0
60 (base 8) to base 4
300
Convert -330 (base 4) to base 15.
-40
Convert -77 (base 10) to base 2.
-1001101
What is 167 (base 13) in base 8?
376
Convert 1023 (base 5) to base 12.
b6
What is 2010 (base 4) in base 10?
132
Convert 3 (base 14) to base 3.
10
4 (base 12) to base 11
4
What is -13 (base 12) in base 4?
-33
4 (base 7) to base 11
4
Convert 2 (base 9) to base 6.
2
What is -24 (base 10) in base 11?
-22
Convert 12 (base 13) to base 4.
33
-20 (base 6) to base 14
-c
Convert 45 (base 6) to base 14.
21
76 (base 8) to base 5
222
-56 (base 12) to base 13
-51
-27 (base 13) to base 15
-23
What is -10 (base 2) in base 5?
-2
What is 1 (base 7) in base 13?
1
-2 (base 16) to base 9
-2
1 (base 7) to base 3
1
93 (base 14) to base 16
81
Convert -306 (base 7) to base 8.
-231
What is -2 (base 16) in base 10?
-2
162 (base 9) to base 16
89
10 (base 2) to base 5
2
What is -13 (base 7) in base 11?
-a
-b (base 13) to base 3
-102
Convert 13 (base 4) to base 14.
7
Convert -12 (base 11) to base 10.
-13
-7 (base 16) to base 2
-111
Convert -30 (base 11) to base 9.
-36
16 (base 8) to base 13
11
What is -10 (base 3) in base 7?
-3
-10 (base 8) to base 4
-20
Convert -3 (base 4) to base 7.
-3
What is 1001 (base 2) in base 14?
9
1 (base 15) to base 6
1
-145 (base 7) to base 6
-214
Convert 27 (base 9) to base 5.
100
Convert 52 (base 7) to base 8.
45
Convert 1 (base 6) to base 8.
1
-3 (base 6) to base 13
-3
What is -3 (base 8) in base 6?
-3
What is -6 (base 16) in base 8?
-6
Convert 20 (base 6) to base 10.
12
Convert 1101 (base 3) to base 10.
37
-3 (base 8) to base 16
-3
Convert 14 (base 15) to base 9.
21
Convert -8 (base 10) to base 15.
-8
Convert 56 (base 10) to base 6.
132
What is d1 (base 14) in base 6?
503
5 (base 10) to base 13
5
What is 5 (base